6. Let r(l) = -l**3 - 5*l**2 - 2*l - 3. Let s be r(-5). Let t = s + a. What is the units digit of t?
3
Let x(v) = 5*v - 48. What is the tens digit of x(15)?
2
Let y(t) = t. Let w be y(5). Let n = w - 1. Let g = n + 3. What is the units digit of g?
7
Suppose y = 6*y - 130. Let t = y - 20. What is the units digit of t?
6
Let c(u) = -u + 1. Let p(o) = 9*o**3 - o**2 + 4*o - 4. Let d = -1 - 3. Let r(q) = d*c(q) - p(q). What is the units digit of r(-1)?
0
Suppose 2*z + 2*w - 5 = 3*z, z + 9 = 3*w. Suppose 4*g = z*s + 36, 0*g - 2*s + 4 = 2*g. Suppose j - g - 6 = 0. What is the tens digit of j?
1
Let t be (-2)/11 + (-72)/(-33). Suppose t*n - n = 32. What is the tens digit of n?
3
Suppose 4 + 5 = 3*z. Suppose 0*a = z*a. Suppose 7 + a = u. What is the units digit of u?
7
Suppose a = -5*n + 34, 2*n + 4*a - 10 = -0*n. What is the units digit of n?
7
Let l(t) = t**3 + 5*t**2 - t - 4. Let o be l(-5). Let k be 27*1 + 0/o. Suppose 2*q - p - 1 = k, -5*p + 10 = 0. What is the tens digit of q?
1
Suppose 0*b - 12 = -2*b. Suppose 3*l - b = 6. What is the units digit of l?
4
Let r(p) = p**2 - 5*p - 2. Let c be r(6). Let g = 7 - c. What is the units digit of g - 1 - 4/(-4)?
3
Let a(q) = q + 5. Let p be a(3). What is the units digit of p/(-16) + (-58)/(-4)?
4
Let j = 171 + -87. What is the units digit of j?
4
What is the tens digit of 13*2*(-26)/(-52)?
1
Let z be 0/(12/4 - 1). Suppose z*n + 4*l - 65 = -3*n, -3*n + 47 = -5*l. What is the units digit of n?
9
Let v be (3/(-9))/(3/(-9)). Suppose 30 - v = f. What is the tens digit of f?
2
Let k be 24 - (2 - 0)/(-1). Suppose 3*m - 4*s = 2*m + 8, -3*s = -2*m + k. What is the units digit of 1/(-4) + 84/m?
5
Let y(r) = -r + 1. Let j be y(1). Suppose 7*z - 6*z - 4 = j. Suppose -z*v - 5 = -65. What is the tens digit of v?
1
Let t(d) = d**3 - 2*d - 1. Let q be t(-1). Suppose 4*o - 40 = -5*k, 2*o + 2*o = q. What is the units digit of k?
8
Suppose 3*g - 7*g = 3*o - 148, 192 = 5*g + 2*o. What is the tens digit of g?
4
Suppose 2*k - 3*k + 4*t + 40 = 0, 0 = -4*t. What is the units digit of k?
0
Let j(t) = t**3 + 8*t**2 + 7*t - 5. Let n be j(-7). Let x = 0 - n. What is the units digit of x?
5
Suppose 7 = -3*q - 5. Suppose -4*z = 5*i - 40, 4*i - 2*z = -z + 53. Let f = i + q. What is the units digit of f?
8
Let l be (10/6)/(3/18). Suppose -4*a = -0*t + 2*t - l, 2*a = 3*t - 7. Suppose -t*g = 2*g - 10. What is the units digit of g?
2
Suppose -5*u = 2*c - 53 - 35, -3*u + 56 = 2*c. Suppose 0 = -14*p + u*p - 64. What is the units digit of p?
2
Suppose -165 = 5*z - 2*z. Let l = 95 + z. What is the units digit of l?
0
Suppose o + 52 = -2*p, -5*o + 8*o - 12 = 0. What is the units digit of p/8*-4 - 2?
2
Suppose 2*c = c + 16. Suppose d - c = -6. Suppose -5*a + 0*a + 17 = -g, 2*g - d = -a. What is the units digit of a?
4
Suppose 4*m - 16 = 0, -m - 88 = -7*b + 3*b. What is the units digit of b?
3
Suppose -12*g + 11*g + 28 = 0. What is the tens digit of g?
2
Suppose -4*j = 5*g - 48, -2*j + 2*g + 3 + 21 = 0. Let c = -8 + j. Let m = c - 1. What is the units digit of m?
3
Let g = -22 + 41. What is the tens digit of g?
1
Suppose -m + 0*m + 24 = 0. What is the units digit of m?
4
Suppose 4*d - 5*u + 1 = 0, -4*u - 4 = -2*d - 0*u. Let n = 14 - 3. Let s = n + d. What is the units digit of s?
7
Suppose 2*p + f = -3*f - 16, -5*p = 4*f + 10. Suppose 3*c - p*s - 12 = 0, 0*c - 4*c + 3*s = -16. What is the units digit of c?
4
What is the units digit of 5*(1 - 321/(-15))?
2
What is the units digit of 6*(-1)/2*-31?
3
Suppose 2*d - 5*j - 7 - 17 = 0, -3*d = 5*j + 14. Suppose -d*u = -c + 24, 5*c + 2*u = 3*u + 93. What is the tens digit of c?
1
Let n(i) = i**3 - 13*i**2 + i - 11. Let o be n(13). What is the tens digit of (0 + -13)*(-2)/o?
1
Let f = 4 + -2. Suppose -30 = l - 2*l + 5*y, -3*y = f*l + 5. What is the units digit of l?
5
Let v(i) = i + 9. Let f be v(-9). Let o(m) = -3*m + 2*m**2 + f + 1 + 0. What is the units digit of o(2)?
3
Let r(l) = -l**3 - 7*l**2 - 3*l - 7. Let n be r(-7). Suppose -d + 3*d = n. What is the units digit of d?
7
Let k be (0 + -10)/(6 + -4). Let v(x) = -x**3 - 6*x**2 - 2*x + 1. Let t be v(k). What is the units digit of ((-21)/t)/(1/6)?
9
Let m(l) = 3*l + 8. Let c be m(-4). Let b(u) = u**2 + 4*u + 3. What is the units digit of b(c)?
3
Let o(v) = -v**3 - 8*v**2 - 8*v - 3. Let d be o(-7). Suppose -i = d*c - 78, -5*c + 96 - 11 = -5*i. What is the units digit of c?
9
Suppose 0 = -8*o + 3*o + 5. What is the units digit of ((-3)/(-6))/(o/4)?
2
Suppose l = -4*i + 182, 0*i - 3*i = 3*l - 141. Suppose 15 = 4*p + 4*w - i, 4*p - 64 = -2*w. What is the tens digit of p?
1
Suppose -2*x = x - 57. What is the units digit of x?
9
Let p(r) = r - 1. Let f be p(2). Let x(m) = 6*m**2 + m. What is the units digit of x(f)?
7
Let v(j) = j + 12. Suppose -m + 3*b + 0 = -3, 5*m - 2*b = -37. Let l be v(m). Suppose -i + 29 = l*x, -x = i + i - 3. What is the units digit of x?
1
What is the units digit of 1824/(-60)*10/(-4)?
6
Let g be 4/((-3)/(-9)*3). Suppose a - 12 = -2*l, g*a + 26 = -3*l + 74. What is the tens digit of a?
1
Let o be (3 + (-3)/1)/(-1). Suppose 2*p + 62 = 2*c - o*p, -158 = -5*c + 4*p. What is the units digit of c?
4
Let q = 34 - 19. What is the units digit of (q/(-9))/((-7)/147)?
5
Let o(j) = 3*j**2 + 0*j - j**3 + j - 1 + 0. What is the units digit of o(-2)?
7
Suppose 0 = -0*a - 3*a - 6, 3*a = 3*y - 219. What is the tens digit of y?
7
Suppose 30 = 4*t + 2*o, 3*t + 4*o - 5*o = 10. What is the units digit of t?
5
Suppose 0 = -3*i + 2*y + 91, 3*i + 2*y + 149 = 8*i. What is the units digit of i?
9
Let m(x) = x - 4. Let j be m(4). What is the tens digit of (2 - j)*(-17)/(-2)?
1
Suppose 3*s - 4 = -5*w - 0, -5*s = -3*w + 16. What is the units digit of 1/((4/14)/w)?
7
Let j = -34 - -48. What is the units digit of j?
4
Let k(a) = -a**2 + a + 3. Let c be k(-5). Let p = c - -40. What is the tens digit of p?
1
Let l(s) = s**2 + 20*s + 10. What is the units digit of l(-26)?
6
Suppose -4*t - 12 = -6*t + 5*a, a = -2. Suppose 11 = v + t. What is the units digit of v?
0
Let f be (-10)/(-25) - (-39)/15. Suppose 4*b - 9 = -3*p, f*b = 7*b + 5*p + 1. What is the units digit of b?
6
Suppose 17*j - 6*j = 2321. What is the units digit of j?
1
Let o = 21 - 14. Let w = 36 - o. What is the tens digit of w?
2
Let g(f) = 6*f - 1. Let j be g(1). Suppose -2*x = -j - 7. What is the units digit of x?
6
Suppose 4*t = 3*p + 663, 190 - 38 = t + 2*p. What is the units digit of t?
2
Let k(i) = i**2 + 6*i + 4. Let h be k(-6). Let o be (-1)/h + 423/12. Suppose -l = 5*q + 4*l - o, l - 16 = -2*q. What is the units digit of q?
9
Suppose -4*z - 42 = -150. What is the tens digit of z/(2 + -4 + 3)?
2
Let z(k) be the second derivative of k**3/3 + k**2/2 + 4*k. What is the tens digit of z(7)?
1
Let i(o) = o**2 - 3. Let h be i(-3). Let x(z) = -z**3 + 7*z**2 - 7*z + 9. Let r be x(h). Let f = r - 2. What is the units digit of f?
1
Let a be (-2)/(-2) + -2 - 6. Let z(g) = 3*g**2 - 16*g - 5. Let o(c) = -2*c**2 + 8*c + 2. Let l(q) = 5*o(q) + 3*z(q). What is the units digit of l(a)?
2
Let j be (0 + 2)/((-6)/(-51)). Suppose 0 = -f + j - 3. What is the tens digit of f?
1
Suppose t = 3*t - 150. What is the units digit of t?
5
Suppose 5*u + 12 = 27. Suppose -m = -5 + u. What is the units digit of m?
2
Let z(v) = -2*v + 11. Let p be z(12). Let y = p - 13. What is the tens digit of (y/(-6))/((-1)/(-3))?
1
Suppose 0*x + 2*x = 5*v + 75, 0 = 2*x + v - 45. Suppose x = p - 5. What is the tens digit of p?
3
Let l(v) be the first derivative of v**3/6 + 5*v**2/2 - 4*v + 1. Let a(o) be the first derivative of l(o). What is the units digit of a(-4)?
1
Suppose 3*n - 1 = 2. Let p = 3 + n. Suppose -3*k - 4*u = -13, 5*k = k + p*u + 8. What is the units digit of k?
3
Suppose 3 + 7 = 5*a. Suppose -7 = -a*y + y. What is the units digit of y?
7
Suppose z - 7 = -3*h - 0*h, 5*z + 25 = 0. Suppose 0 = -w + 5*c - 16, -w - 3*c = -h - 12. What is the units digit of w?
4
Suppose u + 2*m - 50 = 0, -2*m + 52 = u + 2*m. Let i = 35 - 35. Suppose -3*d - d + u = i. What is the units digit of d?
2
Let q(g) = -4*g + 1. Let j be q(-3). Suppose -4 = -c - 4*h + j, 0 = c - 3*h + 4. What is the units digit of c?
5
Suppose 0 = 3*z + 5*n - 66, 2*z + 0*z - 44 = -2*n. What is the tens digit of z + 1 + -3 - -1?
2
Let b(m) = -m**2 + 7*m - 4. Let j be b(6).